eds digit of i?
2
Suppose 3*k = 11*k - 29024. What is the units digit of k?
8
Let j(w) = 3*w**2 - 61*w + 797. What is the hundreds digit of j(79)?
7
Let x(p) = -797*p - 403. What is the units digit of x(-25)?
2
Let z = -15 + 14. Let n be z/(-2 - 7/(-4)). What is the units digit of n + (0 - -60 - 2)?
2
Let a = 36456 - 20525. What is the ten thousands digit of a?
1
Let i(g) be the first derivative of 17*g**2 + 18*g + 54. What is the tens digit of i(4)?
5
Let x(p) be the first derivative of 8*p**3/3 + 6*p**2 + 7*p - 16. What is the tens digit of x(7)?
8
Let u(o) = 1. Let z(s) = 3*s**2 + 102*s + 19. Let b(k) = -6*u(k) + z(k). What is the tens digit of b(-42)?
2
Suppose 8 = 4*o, 4*t + 4 = 4*o - 8. What is the units digit of t/(4 - (-3)/1785*-2381)?
5
Let j be 55/2*20/25. Let u(x) = x - 17. Let a(l) = -20*l + 246. Let z(q) = -a(q) - 10*u(q). What is the units digit of z(j)?
4
Let n(o) = 23*o - 7*o + 0*o**2 + 4*o**2 - 3 + o. What is the tens digit of n(-12)?
6
Let b be 66/(-99) + (42/(-9))/(-1). Suppose -b*v + 809 = -791. What is the hundreds digit of v?
4
What is the thousands digit of (-89 - -13)*9673/(-34)?
1
Let m(f) = 48*f - 28. Let x be m(-1). What is the hundreds digit of 3/(x/(-16) - 4) + 341?
3
Let g(m) = -m + 9. Let r be g(-8). Let z = 19 - r. Suppose -z*w + 49 = 3*c, -4*w - 82 = -5*c - 7*w. What is the tens digit of c?
1
Suppose 3*q + 4*r - 31131 = 0, 105*q - r - 20776 = 103*q. What is the ten thousands digit of q?
1
Let x(v) = 369*v**3 - 4*v**2 + 3*v + 1. Let b(p) = p**3 - p**2 + 4*p - 3. Let o be b(1). What is the tens digit of x(o)?
6
Let d = 3912 + -637. What is the hundreds digit of d?
2
Suppose -h = 2*r - 0*r - 2455, -4938 = -2*h + 3*r. What is the thousands digit of h?
2
What is the hundreds digit of (-10)/((-17)/187 - (-3189)/35442)?
7
Let l(m) = 5*m**3 - 25*m**2 + 446*m + 13. What is the hundreds digit of l(12)?
4
Suppose a + 27 - 90 = 0. Let y = a - 60. What is the units digit of 3/y*1*(-59)/(-1)?
9
Let y be (5 - 2*-9)*-28. Let v = -21 - y. What is the hundreds digit of v?
6
Suppose 2*g - 11273 = -n, -4*g - 271*n + 22555 = -266*n. What is the tens digit of g?
3
Suppose 5*a - 4*n - 185112 = 0, 0 = 7*a - 9*a - 2*n + 74052. What is the tens digit of a?
2
Let s(x) = -x**3 + 8*x**2 - 5*x - 14. Let r be s(7). Let z(b) = b**2 - 3*b + 163. Let m be z(r). Let c = m + 31. What is the units digit of c?
4
Let u(j) = 2*j - 30. Suppose 45 = 7*s - 4*s. Let g be u(s). Suppose g = 4*n + 8, 5*n - 31 = -3*x + 118. What is the units digit of x?
3
Let q(s) = 300*s + 32. Let h(t) = -t**2 + 4*t + 13. Let j be h(6). What is the tens digit of q(j)?
3
Suppose 8*h - 5*h = 45. Suppose 31*k - h = 26*k. Suppose k*i - 335 = -r - 4*r, 2 = -r. What is the units digit of i?
5
Let r(y) = y**2 - 5*y + 1. Let t be r(5). Let j = 5 + t. Suppose j*d = -4*d + 1870. What is the tens digit of d?
8
Let k(x) = 2*x - 11. Let i(v) = v - 1. Let l(j) = 2*i(j) - 2*k(j). Let d be l(12). What is the units digit of 8*(12/(-4) - d)?
8
Suppose 6670 = 268*u - 258*u. Let n = 1778 - u. What is the units digit of n?
1
What is the thousands digit of (-100)/400 + ((-2)/20)/(2/(-110185))?
5
Let a(l) be the first derivative of 19*l**3/3 - l**2/2 - 8*l - 19. Let i be a(4). Let o = i + -96. What is the hundreds digit of o?
1
Let h be (2/3)/((-1493)/(-249) + -6). Let p = 365 + h. What is the hundreds digit of p?
1
Let j = 1322 - 647. Let z = -613 + j. What is the units digit of z?
2
Let d(j) = -69210*j + 108. What is the tens digit of d(-1)?
1
Let p be -6 - (14/(-5) - (-12)/15). What is the thousands digit of p/(-24)*3*31056/12?
1
Let j(a) = -285*a + 10 + 144*a + 142*a. Let s be j(-7). Suppose 0 = -s*u - 50 + 497. What is the tens digit of u?
4
Let h be (3/1)/(1544/308 - 5). Let s be -1 + h/(0 + 1). What is the units digit of (-6)/(-4) - s/(-4)?
9
Let k(v) = -3*v - 62. Let x = -122 - -132. Let q be k(x). Let w = q + 170. What is the units digit of w?
8
Let t(o) = 842*o**2 + 48*o + 132. What is the tens digit of t(-7)?
5
Suppose 411 + 30648 = 7*v. What is the tens digit of v?
3
Suppose 4*k - 14312 = -2*i, 3487 + 112 = k - 3*i. What is the tens digit of k?
8
Let w be ((-64228)/9)/(-2) - 2/9. Suppose 4*r - 36 = -3*d, -r + 15 + 13 = -4*d. What is the tens digit of (-4)/r + w/12 + -4?
9
Let q(n) = 4*n**3 + 2*n**2 + 4*n + 1. Let k be (-8)/36 - (-25)/(-9). Let z(h) = 2*h**2 + 5*h. Let t be z(k). What is the hundreds digit of q(t)?
1
Let k = -81 - -78. Let j = k - -3. Suppose j = 4*w - 2*v - 889 + 283, 165 = w + 4*v. What is the hundreds digit of w?
1
Let l(x) = x**3 - x**2 + x + 1. Let n(v) = -5*v**3 + 3*v**2 - 10*v - 6. Let s(z) = -6*l(z) - n(z). Let g be s(4). What is the units digit of 4 + -3 + g - -1?
2
Let x(f) = 36*f**2 + 3*f. Let p be x(-3). Let y = 33 + p. What is the units digit of y?
8
Let p = -178 - 17. What is the tens digit of ((-18)/12 - 15/(-18))*p?
3
Let s be (-6)/(-36) - (86/12 - 1). Let h(y) = 2*y**2 + 12*y - 4. Let r be h(s). What is the units digit of (0 + (3 - 1))/(r/(-194))?
7
Suppose -3*z - 12 = -9*z. Suppose 3*v + 7 = -l + z*l, 4*v + 8 = 2*l. What is the tens digit of (l - -36)/(4/8)?
6
Let b(k) = -k**2 - 9*k + 26. Suppose -14 = 3*y - 5*t + 4, 3*t - 2 = y. Let u be b(y). What is the tens digit of (-2456)/(-28) - u/(-14)?
8
Let r = 1203 + 1275. What is the units digit of r?
8
Let n(r) be the third derivative of -r**4/8 + 5*r**3/2 - 5*r**2. Let t be n(-10). What is the units digit of 30/((-3)/(t/(-6)))?
5
What is the tens digit of (-13 - 4433/33)/((-6)/2043)?
6
What is the thousands digit of 23330/(1 + 1) + 359 + -363?
1
What is the units digit of (-2)/4 + -2 + 1517185/370?
8
Let c(h) = h**3 - 13*h**2 - 14*h - 13. Let i be c(14). Let y be (417 - i) + 8/(-2). What is the units digit of 6/27 - y/(-27)?
6
Suppose 2*x = 2*j + 10 - 16, 5*j = -5*x + 55. What is the hundreds digit of (0 - 1534/(-14))*j?
7
Let j(h) = -8*h**3 + 7*h**2 - 203*h + 302. What is the tens digit of j(-19)?
5
Let a(t) = -t + 1. Let f(v) = 3*v - 14. Let m be (-46)/(-12) + 16/96 - 3. Let g(b) = m*f(b) - 6*a(b). What is the units digit of g(13)?
7
Suppose -9*o + 15239 + 74355 - 13724 = 0. What is the thousands digit of o?
8
Let h be 16/(16/12*(-9)/6). What is the tens digit of (-9314)/h + (-8)/32?
6
Let b(j) = -6689*j**3 + 144*j**2 + 144*j. What is the units digit of b(-1)?
9
Let r(h) = -h**3 + 19*h**2 - 20*h + 43. Let q be r(18). What is the hundreds digit of q/(-3)*(-816)/16?
1
Let d be -88 + 0 + (-68 - -72). What is the hundreds digit of 4610/6*d/(-70)?
9
Let y be (-2)/8 - (-27)/(-4). Let c(u) = -u**3 - 14*u**2 - 39*u + 4. Let g be c(-11). What is the units digit of -3 + g/(-2 - y)?
1
Suppose 14 = -27*a + 34*a. What is the units digit of ((-515)/a)/((-16)/32)?
5
Suppose m + 5*n - 25 = -0*m, 5*m - 2*n = 152. Suppose -39 = -3*u + h - 3*h, -h = -3*u + m. Suppose -9*c + u*c - 262 = 0. What is the hundreds digit of c?
1
Let p be (2 + (1 - 18))/((-30)/(-60)). What is the hundreds digit of 8/20 + (-5628)/p?
1
Suppose -2*z = i + 1, -3*i - 3*z = -i + 5. Let y(f) = -2*f - 12. Let a be y(i). Suppose -2*g + a*n + n = -101, -g + 3*n = -58. What is the units digit of g?
3
Suppose 5*b - 58 - 97 = 0. Suppose -26 = u - i, 4*u + 66 = -3*i - b. Let a = 44 + u. What is the units digit of a?
9
Suppose 0 = -2*b + 79 + 81. Let u = 84 - b. What is the tens digit of ((-12)/(-8))/((u/136)/1)?
5
Let h be -115*(5 + 135/(-25)). Suppose -43*r + h*r = 348. What is the hundreds digit of (35/10)/((-2)/(r/(-1)))?
2
Suppose 3*q + 12 = 0, -4*q - 12 = -3*c + 4. Suppose 2*d = -2*p + 18, 5*p - d + 0*d - 15 = c. Suppose -z = -p*z + 207. What is the tens digit of z?
6
Let l(i) = 1066*i - 6845. What is the hundreds digit of l(44)?
0
Let p(y) = -1512*y**3 - y**2 - 13*y - 26. What is the hundreds digit of p(-2)?
0
Let j = -209 + 261. Suppose -2*p + 3*b + 2 + 93 = 0, -p + 3*b + j = 0. What is the units digit of p?
3
Let b = -6113 - -8125. What is the thousands digit of b?
2
Suppose -127*f + 5529720 = 279*f. What is the tens digit of f?
2
Let v be 16*-5*(-4)/20. Suppose d - 306 = v. What is the hundreds digit of d?
3
Let t be (-6)/5 - (-3)/(30/(-8)). What is the hundreds digit of 2/(-9) - (t + (-24723)/81)?
3
Let q be -2 + 3 + -2 + 1. Suppose -15*o + 9*o - 12 = q. What is the tens digit of 1073/9 + o/9?
1
Let m(w) = 2*w**2 - 13*w + 19. Let s be m(5). Wh